nds digit of 1873?
1
What is the tens digit of 84270?
7
What is the thousands digit of 1322?
1
What is the thousands digit of 5520?
5
What is the tens digit of 122?
2
What is the hundreds digit of 26131?
1
What is the tens digit of 184?
8
What is the units digit of 16899?
9
What is the units digit of 36422?
2
What is the units digit of 5523?
3
What is the ten thousands digit of 24341?
2
What is the hundreds digit of 1324?
3
What is the units digit of 56059?
9
What is the hundreds digit of 8809?
8
What is the units digit of 5274?
4
What is the units digit of 60572?
2
What is the tens digit of 137183?
8
What is the ten thousands digit of 65568?
6
What is the thousands digit of 3991?
3
What is the tens digit of 119367?
6
What is the thousands digit of 62742?
2
What is the hundreds digit of 6954?
9
What is the hundreds digit of 184402?
4
What is the hundreds digit of 765?
7
What is the units digit of 881?
1
What is the thousands digit of 1534?
1
What is the hundreds digit of 182157?
1
What is the hundreds digit of 10456?
4
What is the hundreds digit of 53144?
1
What is the hundreds digit of 45778?
7
What is the ten thousands digit of 12147?
1
What is the units digit of 26416?
6
What is the tens digit of 15263?
6
What is the units digit of 21672?
2
What is the thousands digit of 5019?
5
What is the hundred thousands digit of 137859?
1
What is the tens digit of 1427?
2
What is the tens digit of 3412?
1
What is the ten thousands digit of 14295?
1
What is the hundreds digit of 27189?
1
What is the units digit of 2346?
6
What is the ten thousands digit of 115399?
1
What is the units digit of 1640?
0
What is the units digit of 403?
3
What is the tens digit of 2387?
8
What is the units digit of 193074?
4
What is the thousands digit of 72313?
2
What is the tens digit of 2089?
8
What is the tens digit of 747?
4
What is the units digit of 1438?
8
What is the tens digit of 59646?
4
What is the tens digit of 8203?
0
What is the units digit of 2130?
0
What is the hundreds digit of 784?
7
What is the thousands digit of 7720?
7
What is the tens digit of 5323?
2
What is the tens digit of 776?
7
What is the units digit of 12943?
3
What is the thousands digit of 97065?
7
What is the thousands digit of 1147?
1
What is the ten thousands digit of 16952?
1
What is the tens digit of 96204?
0
What is the tens digit of 434?
3
What is the ten thousands digit of 10761?
1
What is the tens digit of 7430?
3
What is the units digit of 32144?
4
What is the hundreds digit of 10697?
6
What is the ten thousands digit of 22183?
2
What is the ten thousands digit of 27812?
2
What is the units digit of 4825?
5
What is the ten thousands digit of 11141?
1
What is the hundreds digit of 4300?
3
What is the hundreds digit of 182703?
7
What is the units digit of 476?
6
What is the hundreds digit of 1348?
3
What is the hundreds digit of 27742?
7
What is the units digit of 130933?
3
What is the hundreds digit of 705?
7
What is the tens digit of 10816?
1
What is the units digit of 1954?
4
What is the units digit of 4188?
8
What is the hundreds digit of 37795?
7
What is the units digit of 10414?
4
What is the hundreds digit of 3168?
1
What is the tens digit of 1216?
1
What is the hundreds digit of 4777?
7
What is the tens digit of 2036?
3
What is the units digit of 4938?
8
What is the hundreds digit of 60893?
8
What is the tens digit of 8293?
9
What is the tens digit of 38339?
3
What is the hundreds digit of 43636?
6
What is the units digit of 472?
2
What is the units digit of 1050?
0
What is the thousands digit of 4101?
4
What is the thousands digit of 30733?
0
What is the thousands digit of 42904?
2
What is the units digit of 899?
9
What is the tens digit of 39095?
9
What is the ten thousands digit of 36544?
3
What is the tens digit of 490?
9
What is the thousands digit of 2666?
2
What is the hundreds digit of 2381?
3
What is the hundreds digit of 216?
2
What is the thousands digit of 40743?
0
What is the ten thousands digit of 11295?
1
What is the tens digit of 1068?
6
What is the tens digit of 249?
4
What is the units digit of 12329?
9
What is the ten thousands digit of 10307?
1
What is the hundreds digit of 3601?
6
What is the hundreds digit of 820?
8
What is the units digit of 142301?
1
What is the tens digit of 64109?
0
What is the hundreds digit of 4529?
5
What is the hundreds digit of 1520?
5
What is the ten thousands digit of 12198?
1
What is the units digit of 676?
6
What is the thousands digit of 1728?
1
What is the units digit of 3835?
5
What is the thousands digit of 5235?
5
What is the thousands digit of 2749?
2
What is the thousands digit of 25084?
5
What is the thousands digit of 29633?
9
What is the thousands digit of 9168?
9
What is the units digit of 2178?
8
What is the units digit of 173?
3
What is the tens digit of 1767?
6
What is the ten thousands digit of 130733?
3
What is the thousands digit of 2927?
2
What is the tens digit of 34195?
9
What is the thousands digit of 125987?
5
What is the hundreds digit of 11336?
3
What is the units digit of 212?
2
What is the ten thousands digit of 18465?
1
What is the tens digit of 25295?
9
What is the thousands digit of 34286?
4
What is the tens digit of 3405?
0
What is the ten thousands digit of 77096?
7
What is the units digit of 675?
5
What is the hundreds digit of 328?
3
What is the hundreds digit of 42387?
3
What is the ten thousands digit of 59199?
5
What is the units digit of 20403?
3
What is the tens digit of 6634?
3
What is the thousands digit of 10855?
0
What is the thousands digit of 49705?
9
What is the tens digit of 26996?
9
What is the units digit of 46451?
1
What is the hundreds digit of 680?
6
What is the units digit of 1605?
5
What is the ten thousands digit of 189267?
8
What is the units digit of 264?
4
What is the thousands digit of 7394?
7
What is the hundreds digit of 738?
7
What is the tens digit of 44646?
4
What is the units digit of 38143?
3
What is the units digit of 3182?
2
What is the thousands digit of 2221?
2
What is the tens digit of 27675?
7
What is the thousands digit of 8812?
8
What is the tens digit of 16714?
1
What is the hundreds digit of 1706?
7
What is the units digit of 845?
5
What is the hundreds digit of 1118?
1
What is the units digit of 2454?
4
What is the thousands digit of 12989?
2
What is the units digit of 846?
6
What is the tens digit of 1179?
7
What is the units digit of 3403?
3
What is the ten thousands digit of 110487?
1
What is the thousands digit of 1039?
1
What is the tens digit of 57729?
2
What is the hundreds digit of 403?
4
What is the thousands digit of 10820?
0
What is the thousands digit of 9220?
9
What is the thousands digit of 11757?
1
What is the hundreds digit of 8454?
4
What is the hundreds digit of 3009?
0
What is the units digit of 155?
5
What is the thousands digit of 3938?
3
What is the thousands digit of 33245?
3
What is the units digit of 4204?
4
What is the units digit of 5669?
9
What is the units digit of 675?
5
What is the hundreds digit of 20353?
3
What is the units digit of 10?
0
What is the tens digit of 20174?
7
What is the tens digit of 4348?
4
What is the hundreds digit of 1021?
0
What is the units digit of 89908?
8
What is the hundreds digit of 70570?
5
What is the ten thousands digit of 10611?
1
What is the units digit of 3724?
4
What is the thousands digit of 3446?
3
What is the ten thousands digit of 25015?
2
What is the tens digit of 1341?
4
What is the hundreds digit of 8496?
4
What is the units digit of 340?
0
What is the units digit of 1036?
6
What is the hundreds digit of 847?
8
What is the hundreds digit of 8947?
9
What is the hundreds digit of 52401?
4
What is the hundreds digit of 20680?
6
What is the units digit of 100924?
4
What is the tens digit of 278?
7
What is the tens digit of 7673?
7
What is the hundreds digit of 66479?
4
What is the tens digit of 538?
3
What is the thousands digit of 79904?
9
What is the hundreds digit of 11404?
4
What is the hundreds digit of 15958?
9
What is the thousands digit of 1324?
1
What is the hundreds digit of 324?
3
What is the hundreds digit of 18541?
5
What is the hundreds digit of 11568?
5
What is the hundreds digit of 158?
1
What is the tens digit of 908?
0
What is the tens digit of 209?
0
What is t